[INFO] cloning repository https://github.com/ISSOtm/word_search
[INFO] running `Command { std: "git" "-c" "credential.helper=" "-c" "credential.helper=/workspace/cargo-home/bin/git-credential-null" "clone" "--bare" "https://github.com/ISSOtm/word_search" "/workspace/cache/git-repos/https%3A%2F%2Fgithub.com%2FISSOtm%2Fword_search", kill_on_drop: false }`
[INFO] [stderr] Cloning into bare repository '/workspace/cache/git-repos/https%3A%2F%2Fgithub.com%2FISSOtm%2Fword_search'...
[INFO] running `Command { std: "git" "rev-parse" "HEAD", kill_on_drop: false }`
[INFO] [stdout] 7b3b97cba4c7a5e1f850a2a7032de73f8d3b2f81
[INFO] building ISSOtm/word_search against master#881c1ac408d93bb7adaa3a51dabab9266e82eee8 for issue-85264
[INFO] running `Command { std: "git" "clone" "/workspace/cache/git-repos/https%3A%2F%2Fgithub.com%2FISSOtm%2Fword_search" "/workspace/builds/worker-13/source", kill_on_drop: false }`
[INFO] [stderr] Cloning into '/workspace/builds/worker-13/source'...
[INFO] [stderr] done.
[INFO] validating manifest of git repo https://github.com/ISSOtm/word_search on toolchain 881c1ac408d93bb7adaa3a51dabab9266e82eee8
[INFO] running `Command { std: "/workspace/cargo-home/bin/cargo" "+881c1ac408d93bb7adaa3a51dabab9266e82eee8" "metadata" "--manifest-path" "Cargo.toml" "--no-deps", kill_on_drop: false }`
[INFO] started tweaking git repo https://github.com/ISSOtm/word_search
[INFO] finished tweaking git repo https://github.com/ISSOtm/word_search
[INFO] tweaked toml for git repo https://github.com/ISSOtm/word_search written to /workspace/builds/worker-13/source/Cargo.toml
[INFO] crate git repo https://github.com/ISSOtm/word_search already has a lockfile, it will not be regenerated
[INFO] running `Command { std: "/workspace/cargo-home/bin/cargo" "+881c1ac408d93bb7adaa3a51dabab9266e82eee8" "fetch" "--manifest-path" "Cargo.toml", kill_on_drop: false }`
[INFO] [stderr]     Blocking waiting for file lock on package cache
[INFO] [stderr]  Downloading crates ...
[INFO] [stderr]   Downloaded clap_derive v3.0.0-beta.2
[INFO] [stderr]   Downloaded proc-macro-error v1.0.4
[INFO] [stderr]   Downloaded os_str_bytes v2.4.0
[INFO] [stderr]   Downloaded textwrap v0.12.1
[INFO] [stderr]   Downloaded clap v3.0.0-beta.2
[INFO] [stderr]   Downloaded syn v1.0.53
[INFO] [stderr]   Downloaded proc-macro-error-attr v1.0.4
[INFO] running `Command { std: "docker" "create" "-v" "/var/lib/crater-agent-workspace/builds/worker-13/target:/opt/rustwide/target:rw,Z" "-v" "/var/lib/crater-agent-workspace/builds/worker-13/source:/opt/rustwide/workdir:ro,Z" "-v" "/var/lib/crater-agent-workspace/cargo-home:/opt/rustwide/cargo-home:ro,Z" "-v" "/var/lib/crater-agent-workspace/rustup-home:/opt/rustwide/rustup-home:ro,Z" "-e" "SOURCE_DIR=/opt/rustwide/workdir" "-e" "CARGO_TARGET_DIR=/opt/rustwide/target" "-e" "CARGO_HOME=/opt/rustwide/cargo-home" "-e" "RUSTUP_HOME=/opt/rustwide/rustup-home" "-w" "/opt/rustwide/workdir" "-m" "1610612736" "--user" "0:0" "--network" "none" "ghcr.io/rust-lang/crates-build-env/linux@sha256:20528e8c29e4536546f0102ce88568b16ea7538393a33fcca951030f7af10457" "/opt/rustwide/cargo-home/bin/cargo" "+881c1ac408d93bb7adaa3a51dabab9266e82eee8" "metadata" "--no-deps" "--format-version=1", kill_on_drop: false }`
[INFO] [stdout] d49047556234c593093c93021beed05ee36b01bed03dfd5b6ca0e9f7adc8f30f
[INFO] [stderr] WARNING: Your kernel does not support swap limit capabilities or the cgroup is not mounted. Memory limited without swap.
[INFO] running `Command { std: "docker" "start" "-a" "d49047556234c593093c93021beed05ee36b01bed03dfd5b6ca0e9f7adc8f30f", kill_on_drop: false }`
[INFO] running `Command { std: "docker" "inspect" "d49047556234c593093c93021beed05ee36b01bed03dfd5b6ca0e9f7adc8f30f", kill_on_drop: false }`
[INFO] running `Command { std: "docker" "rm" "-f" "d49047556234c593093c93021beed05ee36b01bed03dfd5b6ca0e9f7adc8f30f", kill_on_drop: false }`
[INFO] [stdout] d49047556234c593093c93021beed05ee36b01bed03dfd5b6ca0e9f7adc8f30f
[INFO] running `Command { std: "docker" "create" "-v" "/var/lib/crater-agent-workspace/builds/worker-13/target:/opt/rustwide/target:rw,Z" "-v" "/var/lib/crater-agent-workspace/builds/worker-13/source:/opt/rustwide/workdir:ro,Z" "-v" "/var/lib/crater-agent-workspace/cargo-home:/opt/rustwide/cargo-home:ro,Z" "-v" "/var/lib/crater-agent-workspace/rustup-home:/opt/rustwide/rustup-home:ro,Z" "-e" "SOURCE_DIR=/opt/rustwide/workdir" "-e" "CARGO_TARGET_DIR=/opt/rustwide/target" "-e" "CARGO_INCREMENTAL=0" "-e" "RUST_BACKTRACE=full" "-e" "RUSTFLAGS=--cap-lints=forbid" "-e" "CARGO_HOME=/opt/rustwide/cargo-home" "-e" "RUSTUP_HOME=/opt/rustwide/rustup-home" "-w" "/opt/rustwide/workdir" "-m" "1610612736" "--user" "0:0" "--network" "none" "ghcr.io/rust-lang/crates-build-env/linux@sha256:20528e8c29e4536546f0102ce88568b16ea7538393a33fcca951030f7af10457" "/opt/rustwide/cargo-home/bin/cargo" "+881c1ac408d93bb7adaa3a51dabab9266e82eee8" "build" "--frozen" "--message-format=json", kill_on_drop: false }`
[INFO] [stdout] 60ccfad97446d0b2e56a588ce573351d39b3ed08f6c0d83f3abf5a73daf1a0af
[INFO] [stderr] WARNING: Your kernel does not support swap limit capabilities or the cgroup is not mounted. Memory limited without swap.
[INFO] running `Command { std: "docker" "start" "-a" "60ccfad97446d0b2e56a588ce573351d39b3ed08f6c0d83f3abf5a73daf1a0af", kill_on_drop: false }`
[INFO] [stderr]    Compiling syn v1.0.53
[INFO] [stderr]    Compiling libc v0.2.80
[INFO] [stderr]    Compiling memchr v2.3.4
[INFO] [stderr]    Compiling indexmap v1.6.0
[INFO] [stderr]    Compiling heck v0.3.1
[INFO] [stderr]    Compiling quote v1.0.7
[INFO] [stderr]    Compiling proc-macro-error-attr v1.0.4
[INFO] [stderr]    Compiling aho-corasick v0.7.15
[INFO] [stderr]    Compiling atty v0.2.14
[INFO] [stderr]    Compiling proc-macro-error v1.0.4
[INFO] [stderr]    Compiling clap_derive v3.0.0-beta.2
[INFO] [stderr]    Compiling clap v3.0.0-beta.2
[INFO] [stderr]    Compiling word-search v1.0.0 (/opt/rustwide/workdir)
[INFO] [stdout] warning: unused variable: `board`
[INFO] [stdout]   --> src/main.rs:49:21
[INFO] [stdout]    |
[INFO] [stdout] 49 |                 Ok((board, words, matches)) => {
[INFO] [stdout]    |                     ^^^^^ help: if this is intentional, prefix it with an underscore: `_board`
[INFO] [stdout]    |
[INFO] [stdout]    = note: `#[warn(unused_variables)]` on by default
[INFO] [stdout] 
[INFO] [stdout] 
[INFO] [stdout] warning: unused variable: `words`
[INFO] [stdout]   --> src/main.rs:49:28
[INFO] [stdout]    |
[INFO] [stdout] 49 |                 Ok((board, words, matches)) => {
[INFO] [stdout]    |                            ^^^^^ help: if this is intentional, prefix it with an underscore: `_words`
[INFO] [stdout] 
[INFO] [stdout] 
[INFO] [stdout] warning: unused variable: `matches`
[INFO] [stdout]   --> src/main.rs:49:35
[INFO] [stdout]    |
[INFO] [stdout] 49 |                 Ok((board, words, matches)) => {
[INFO] [stdout]    |                                   ^^^^^^^ help: if this is intentional, prefix it with an underscore: `_matches`
[INFO] [stdout] 
[INFO] [stdout] 
[INFO] [stdout] error[E0382]: borrow of moved value: `board`
[INFO] [stdout]   --> src/main.rs:87:25
[INFO] [stdout]    |
[INFO] [stdout] 80 |     let (board, words) = match path {
[INFO] [stdout]    |          ----- move occurs because `board` has type `Board`, which does not implement the `Copy` trait
[INFO] [stdout] ...
[INFO] [stdout] 85 |         board,
[INFO] [stdout]    |         ----- value moved here
[INFO] [stdout] 86 |         words,
[INFO] [stdout] 87 |         WordSearch::new(&board, &words, allow_backwards)?,
[INFO] [stdout]    |                         ^^^^^^ value borrowed here after move
[INFO] [stdout] 
[INFO] [stdout] 
[INFO] [stdout] error[E0382]: borrow of moved value: `words`
[INFO] [stdout]   --> src/main.rs:87:33
[INFO] [stdout]    |
[INFO] [stdout] 80 |     let (board, words) = match path {
[INFO] [stdout]    |                 ----- move occurs because `words` has type `Vec<String>`, which does not implement the `Copy` trait
[INFO] [stdout] ...
[INFO] [stdout] 86 |         words,
[INFO] [stdout]    |         ----- value moved here
[INFO] [stdout] 87 |         WordSearch::new(&board, &words, allow_backwards)?,
[INFO] [stdout]    |                                 ^^^^^^ value borrowed here after move
[INFO] [stdout] 
[INFO] [stdout] 
[INFO] [stdout] error[E0515]: cannot return value referencing local variable `board`
[INFO] [stdout]   --> src/main.rs:89:5
[INFO] [stdout]    |
[INFO] [stdout] 87 |         WordSearch::new(&board, &words, allow_backwards)?,
[INFO] [stdout]    |                         ------ `board` is borrowed here
[INFO] [stdout] 88 |     );
[INFO] [stdout] 89 |     Ok(ret)
[INFO] [stdout]    |     ^^^^^^^ returns a value referencing data owned by the current function
[INFO] [stdout] 
[INFO] [stdout] 
[INFO] [stdout] error: aborting due to 3 previous errors; 3 warnings emitted
[INFO] [stdout] 
[INFO] [stdout] 
[INFO] [stdout] Some errors have detailed explanations: E0382, E0515.
[INFO] [stdout] 
[INFO] [stdout] For more information about an error, try `rustc --explain E0382`.
[INFO] [stdout] 
[INFO] [stderr] error: could not compile `word-search`
[INFO] [stderr] 
[INFO] [stderr] To learn more, run the command again with --verbose.
[INFO] running `Command { std: "docker" "inspect" "60ccfad97446d0b2e56a588ce573351d39b3ed08f6c0d83f3abf5a73daf1a0af", kill_on_drop: false }`
[INFO] running `Command { std: "docker" "rm" "-f" "60ccfad97446d0b2e56a588ce573351d39b3ed08f6c0d83f3abf5a73daf1a0af", kill_on_drop: false }`
[INFO] [stdout] 60ccfad97446d0b2e56a588ce573351d39b3ed08f6c0d83f3abf5a73daf1a0af
